
Let p be 0*((-15)/(-10) - 2). Let f(v) = v**2 - v + 7. Calculate f(p).
7
Let a(c) = -c**2 + 5*c - 3. Let x be (-38)/4 + (-1)/(-2). Let n be (3/x)/((-4)/36). What is a(n)?
3
Let u be -9 - (1*4 + -2). Let r(f) be the first derivative of f**2/2 + 13*f - 6. Let l be r(u). Let k(x) = 2*x**2 - 3*x + 2. Calculate k(l).
4
Suppose 46 = -7*p + 11. Let u(y) = y + 3. Calculate u(p).
-2
Let y be 3*2*(-1)/(-3). Let h(d) be the second derivative of -d**4/12 + d**3/6 + d**2/2 - 11*d. Give h(y).
-1
Let h = -34 + 31. Let f(x) = -3*x**2 - 3*x + 4. Determine f(h).
-14
Suppose -i + 2*b = 3, -3*b + 15 + 7 = -5*i. Let y(p) = -p**2 - 5*p - 1. Determine y(i).
-1
Suppose 2*b + 9 = -q, -q - 2 = q - 4*b. Let r(c) = c**2 + 3*c - 4. Give r(q).
6
Let l(a) be the second derivative of -a**6/30 + a**5/30 - a**3/6 + 3*a**2/2 - a. Let g(i) be the first derivative of l(i). Calculate g(1).
-3
Let y(t) = -2*t**3 - 3*t**2 - t - 1. Let f = -22 + 41. Let i = f - 21. Determine y(i).
5
Let p be -1 + 45/3 + 1. Suppose -p = -m - 4*m. Let b(z) be the third derivative of -z**5/60 + z**4/24 + z**3/6 + 2*z**2. Calculate b(m).
-5
Let s be 6*(-1 + 6/9). Let k = s + 4. Let b(y) = 3*y**2 - 2*y - 2. Determine b(k).
6
Suppose 3*p = -0*p + x + 2, -14 = -p + 3*x. Let i(v) = -8*v - 5. Let l(d) = 9*d + 6. Let w(o) = 5*i(o) + 4*l(o). Give w(p).
3
Let d(n) = n**3 - 4*n**2 - 5*n - 5. Let c = 5 + -3. Let j(y) = -y**3 - 2*y**2 + 3. Let t be j(0). Suppose u = -b + 5, -t*b + c*u + 20 = b. Calculate d(b).
-5
Let i(r) be the first derivative of r**4/4 - 4*r**3/3 - 2*r - 3. What is i(3)?
-11
Suppose -3*r + 2*r - 30 = 0. Let u be (2/(-3))/((-5)/r). Let d = u + 8. Let j(g) = 2*g**2 - 7*g + 4. What is j(d)?
8
Suppose -5*f = -11 + 1. Let r(n) = -5*n**2 + 0*n**f + 4*n**2 + 5. Determine r(4).
-11
Let k = 4 - 3. Let u(f) = -5*f**3 - k - 2*f - f**3 + 4*f**3. Let y(c) = -2*c + 25. Let v be y(13). Give u(v).
3
Let h(f) = 1. Let c(w) = 6. Let s(q) = c(q) - 5*h(q). Let o(g) = g + 5. Let m(l) = -o(l) - 3*s(l). Give m(-6).
-2
Let d be (2/(-3))/((-1)/(-6)). Let h(g) = -15*g - 19. Let z(l) = 4*l + 5. Suppose -3*i = i - 24. Let a(v) = i*h(v) + 22*z(v). What is a(d)?
4
Let w(p) = -p - 5. Let a be w(-7). Let u = -1 + -1. Let q(s) = 15*s**2 + s - 5. Let h(k) = -3*k**2 + 1. Let c(d) = u*q(d) - 11*h(d). Calculate c(a).
7
Let a(c) = 114*c - 48. Let p(x) = -12*x + 5. Let r(o) = 5*a(o) + 48*p(o). Calculate r(-1).
6
Let d(y) = y**2 - 5*y - 3. Let h be (-7)/(14/24)*(-3)/6. Determine d(h).
3
Let o(s) = -2*s + 2*s - 1 + s**2 - 4*s. Suppose -3*h - 3 = -w - 10, -h + 5*w = 21. Calculate o(h).
-1
Let a(s) be the third derivative of -s**6/60 + s**5/20 + 5*s**4/24 - 2*s**3/3 + 7*s**2. What is a(3)?
-16
Let g(z) = -z**3 + 5*z**2 - 2*z - 4. Let a(n) = n + 7. Let s be a(-6). Let i = s + 3. Calculate g(i).
4
Let u(t) = 7. Let i(z) = -z + 14. Let k(j) = -2*i(j) + 5*u(j). What is k(-7)?
-7
Let o(r) be the third derivative of -r**4/4 - 4*r**3/3 - r**2. Let v(t) = -2*t - 3. Let p(b) = -5*o(b) + 14*v(b). Determine p(-2).
-6
Let w(x) = 3*x - 2. Let a(o) = -6*o + 5. Let d(g) = 3*a(g) + 7*w(g). Let u = -48 + 68. Suppose l - 5*p + u = 4, 3*l - 5*p + 18 = 0. Give d(l).
-2
Let m(j) = j + 3 - 120*j**3 + 121*j**3 + 3*j + 6*j**2. Calculate m(-5).
8
Suppose 4*s + 20 = 4. Let d be ((-6)/(-9))/(s/(-30)). Let c(m) = 4*m**3 + 5*m**2 - m**3 + 4 + d*m - 2*m**3. Give c(-4).
0
Let h(p) be the second derivative of -p**5/10 + p**4/4 - 2*p**3/3 + 3*p**2/2 + 11*p. What is h(2)?
-9
Let s = 11 + -10. Let o(h) be the first derivative of h - 1/3*h**3 + 0*h**2 - 1. Calculate o(s).
0
Suppose -5*j - 4*r = 7, -2*j = -0*j + r + 4. Let m(x) = -x**3 - 3*x**2 + 2. Determine m(j).
2
Let f(d) = -3*d + 2. Suppose -z + 3*a = 13, 0 = -5*a + 5 + 10. Determine f(z).
14
Let w(b) = -2*b - 4. Let r be w(-4). Let v(d) = -d**3 + 4*d**2 + 2*d - 2. What is v(r)?
6
Let h(s) = 0*s - s + 2 - 6. Calculate h(0).
-4
Suppose -2*b = -3*s + 27 + 6, -b - 21 = -3*s. Let n = -7 - b. Let j(q) = -q + 3. Calculate j(n).
-2
Let o(z) = -z. Let p be o(-2). Suppose 2*i = i - p. Let v(f) = -f**3 - 2. Give v(i).
6
Let x = 8 - 6. Suppose x*b + b = -d + 12, -4*b = -4*d - 32. Let v(s) = -s**2 + 5*s + 6. Calculate v(b).
6
Let a(s) = -5*s. Suppose 3*h = q + 13, 2*q + 18 = q + 4*h. Suppose -7 = 5*f - q. Calculate a(f).
5
Let d(j) = j + 6 - 4 + 8. Give d(7).
17
Let p be 5/(10/(-26)) - -6. Let z(t) = -5*t + 10 + 5*t + 7*t**2 + t**3. What is z(p)?
10
Let o be (15/(-10) - -1)*6. Let u(j) = -2*j + 1. Give u(o).
7
Suppose -6*c = -2*c - 4. Let z = -1 - -4. Let o(i) = i + i**2 - c + z*i + 0. Calculate o(-2).
-5
Suppose -z - 12 = -5*z. Let f(a) = z + 2 + a**2 - 1 - 2*a**2. Calculate f(-3).
-5
Let i = 15 - 8. Suppose 0 = -4*a - 4, -5*l - a = 2*a - i. Let f(q) = -q**l - 5*q - q + 3*q. Calculate f(-2).
2
Let v(o) = 187 - 3*o**3 + 5*o**2 - 3*o - 180 + 2*o**3. Calculate v(5).
-8
Let q(u) = 4*u + 2. Let x(t) = 15*t + 7. Let m(f) = -22*q(f) + 6*x(f). Let w = 3 - 0. Determine m(w).
4
Let z(y) be the first derivative of -y**4/4 - 7*y**3/3 - y**2 - 6*y - 31. Determine z(-7).
8
Let h = -3 + 4. Let l be (h + 0)/((-1)/(-2)). Let p(g) = -5*g**l - 2*g**3 + 3 - g + g**3 + 1. What is p(-4)?
-8
Let f(y) = -2*y + 2. Let b = -5 + 6. Let l be 0/(-2 - b) - -6. Suppose -3*i + 5*i = l, 0 = u - i + 1. What is f(u)?
-2
Let g(m) = m**2 + 5*m + 3. Let n be -18 + (-2 - 12/(-3)). Let x = 11 + n. What is g(x)?
3
Let t(s) be the first derivative of s**3/3 - 11*s**2/2 + 7*s - 19. Determine t(10).
-3
Let w(r) = 18 - 6 + r + 1. Let y = -5 - -5. Determine w(y).
13
Let g(a) = 7*a**3 + a**2 + a - 1. Let d be (-5)/2*16/(-20). Suppose -3*w = -1 - d. What is g(w)?
8
Let g(r) = 9 - r - 2 - 3 - r. What is g(6)?
-8
Let a = 1 + 1. Let t(d) = d**2 - 3*d + 1. Calculate t(a).
-1
Let s(j) be the third derivative of j**5/60 - j**4/12 + j**3/6 + 5*j**2. What is s(3)?
4
Let g(k) be the third derivative of k**6/360 - k**5/120 - 7*k**3/6 + k**2. Let p(z) be the first derivative of g(z). Determine p(1).
0
Let v(q) = q**2 + 3*q + 9. Let n(j) = -j**2 - 4*j - 10. Let h(u) = -4*n(u) - 5*v(u). What is h(0)?
-5
Suppose 0 = h + 6. Let d(z) = 3 - 29*z + 11*z + 13*z + 6*z. What is d(h)?
-3
Let c(h) = 6*h - 1. Let v be c(-1). Let g(w) = -w**3 - 8*w**2 - 8*w - 4. Calculate g(v).
3
Let m = 20 + -28. Let u(l) = -l**2 - 7*l + 11. What is u(m)?
3
Suppose 14 = -2*n + 8. Let s(b) = b**3 + 2*b**2 - b. What is s(n)?
-6
Let o(q) = q**2 - 7*q. Suppose 0 - 1 = -m - t, -3*m + 3*t + 33 = 0. What is o(m)?
-6
Suppose -3*n = -2*x - 7, -6*x - 7 = 3*n - x. Let z(u) = -2*u. Let s(q) = q. Let t(y) = -5*s(y) - 5*z(y). Calculate t(n).
5
Let h(l) be the second derivative of -l**5/20 + 2*l**4/3 + 5*l**3/3 - 3*l**2/2 + 33*l. Give h(9).
6
Let b(y) = -3*y + 3 + 8*y - 13*y**2 + 12*y**2. What is b(6)?
-3
Let y(z) = -z + 8. Let h(f) = -f**3 - 7*f**2 - 7*f - 1. Let w be h(-6). Suppose 6 = 2*v, -w*m + 3*v - 7 = 2. What is y(m)?
8
Let l(c) = c**2 - 7*c - 30. Let d be l(-3). Let v(m) = m**2 + 3*m + 12. Let z = 3 + -6. Let u(y) = -y**2 - 4*y - 13. Let x(b) = z*v(b) - 2*u(b). What is x(d)?
-10
Let x(y) be the first derivative of -2*y**2 + y - 2. Suppose -2*s - 2 = -4*s. Determine x(s).
-3
Let r(t) = t. Suppose 8*z - 3*z = 35. Suppose 0 = -5*a - 18 - z. What is r(a)?
-5
Let v(x) = 4*x**2 - 4*x. Let y(f) = -13*f**2 + 12*f. Let t(a) = 12*a**2 - 11*a. Let j(s) = -4*t(s) - 3*y(s). Let d(l) = -3*j(l) - 7*v(l). Calculate d(3).
3
Let j = 4 + -9. Let k(o) be the first derivative of o**3/3 + 4*o**2 + 6*o + 18. Give k(j).
-9
Let l(j) be the third derivative of 1/8*j**4 + 0*j + 0 + 3*j**2 - 1/6*j**3. Calculate l(-1).
-4
Suppose 0*a - 5*x = -2*a + 1, 4*x - 4 = 0. Let c(k) = -4*k**2 - 2*k + 4. Let u(v) = v**2 + v - 1. Let d(j) = c(j) + 3*u(j). Give d(a).
-5
Let f(r) = r**2 + 1 - 2*r**2 + 4*r - 4*r. Determine f(2).
-3
Suppose -2*m + 6*m - 4 = 0. Let g(q) be the first derivative of m + 1/2*q**2 - 3*q. What is g(3)?
0
Let z(n) = -3*n - 26. Let a be z(-9). Let k(l) = -3*l**3 + l**2 + 3*l - 7. Let y(w) = w**3 - w + 2. Let m(q) = 2*k(q) + 7*y(q). Determine m(a).
2
Let y(z) be the second derivative of -z**5/120 - z**4/8 - z**3/3 + 8*z. Let n(w) be the second derivative of y(w). Determine n(4).
-7
Let t(d) be the second derivative of 2/3*d**3 - 1/120*d**5 + 0*d**2 + 0 + 1/3*d**4 - d. Let a(l) be the second derivative of t(l). Determine a(4).
4
Let v(l) 